greatest common divisor of 55325 and 75?
25
What is the highest common factor of 332733 and 2955?
591
Calculate the greatest common divisor of 354 and 309514.
118
Calculate the greatest common factor of 232 and 52084.
116
What is the highest common factor of 6743 and 137312?
613
What is the greatest common divisor of 1122242 and 110?
22
Calculate the highest common factor of 37220 and 80.
20
Calculate the highest common factor of 129346 and 56.
14
Calculate the greatest common factor of 694695 and 3045.
435
What is the greatest common divisor of 11651541 and 418?
209
What is the greatest common divisor of 7448 and 4424?
56
Calculate the highest common factor of 3759 and 1575.
21
What is the highest common factor of 227666 and 1072?
134
Calculate the greatest common divisor of 19525 and 142.
71
Calculate the greatest common divisor of 544519 and 45469.
1109
Calculate the highest common factor of 5660850 and 130.
130
What is the greatest common divisor of 364226 and 6770?
1354
Calculate the greatest common divisor of 33 and 9273.
33
Calculate the highest common factor of 593 and 19.
1
Calculate the highest common divisor of 144 and 26802.
18
What is the greatest common divisor of 30 and 26946?
6
Calculate the highest common divisor of 106 and 123013.
53
What is the greatest common factor of 5643 and 80541?
513
What is the highest common divisor of 6100 and 26596?
244
What is the greatest common factor of 4 and 12436?
4
Calculate the highest common divisor of 60735 and 75.
15
Calculate the greatest common factor of 1538 and 6626.
2
What is the greatest common divisor of 10 and 1212250?
10
Calculate the highest common factor of 32 and 118016.
32
Calculate the highest common divisor of 150 and 2050.
50
Calculate the highest common divisor of 6204 and 264.
132
Calculate the highest common factor of 531 and 21969.
9
What is the highest common divisor of 11 and 635019?
11
Calculate the greatest common divisor of 27040 and 624.
208
What is the greatest common divisor of 42 and 163870?
14
What is the greatest common divisor of 270738 and 182?
26
Calculate the greatest common divisor of 18176 and 213.
71
What is the greatest common divisor of 2234122 and 5870?
1174
Calculate the greatest common divisor of 120 and 54420.
60
What is the highest common factor of 2451 and 78489?
57
Calculate the highest common divisor of 760 and 494152.
152
Calculate the greatest common divisor of 368 and 49792.
16
Calculate the highest common divisor of 915928 and 104.
104
Calculate the greatest common divisor of 51 and 105349.
17
Calculate the greatest common divisor of 26642 and 1078.
154
Calculate the greatest common factor of 3664 and 299303.
229
What is the highest common factor of 16 and 141080?
8
What is the greatest common divisor of 15787911 and 1927?
1927
What is the greatest common factor of 6 and 96771?
3
Calculate the highest common divisor of 579 and 12738.
579
What is the highest common divisor of 132 and 84183?
33
Calculate the highest common divisor of 636 and 1262354.
106
Calculate the highest common factor of 256 and 6736.
16
What is the highest common divisor of 417622 and 519?
173
What is the highest common divisor of 4351 and 19?
19
Calculate the highest common divisor of 64 and 22112.
32
What is the greatest common factor of 261 and 40977?
261
Calculate the highest common factor of 81 and 12645.
9
Calculate the greatest common divisor of 96775 and 21567.
553
What is the highest common divisor of 1575 and 16975?
175
Calculate the highest common factor of 150 and 10146.
6
Calculate the greatest common factor of 14346 and 1314.
18
What is the greatest common divisor of 98439 and 22?
11
Calculate the highest common divisor of 481 and 1628.
37
Calculate the highest common factor of 62 and 1333.
31
Calculate the highest common factor of 184 and 82616.
184
Calculate the highest common divisor of 289 and 398939.
17
What is the greatest common divisor of 4640 and 1600?
160
What is the highest common factor of 152050 and 25?
25
What is the greatest common divisor of 45 and 61515?
45
What is the greatest common divisor of 539 and 2948?
11
What is the highest common factor of 1955 and 94070?
115
What is the greatest common factor of 76 and 1001452?
76
Calculate the highest common factor of 234 and 1312857.
117
Calculate the highest common factor of 212 and 1327862.
106
What is the highest common divisor of 1206 and 8509?
67
Calculate the greatest common factor of 1616 and 6224.
16
Calculate the greatest common factor of 1098 and 7537770.
1098
Calculate the greatest common divisor of 116 and 235596.
116
Calculate the highest common factor of 49251 and 3.
3
What is the greatest common divisor of 1120 and 332920?
280
What is the highest common divisor of 705805 and 5?
5
What is the highest common factor of 148 and 50098?
74
What is the highest common factor of 158 and 1529124?
158
Calculate the greatest common factor of 32 and 28424.
8
Calculate the greatest common factor of 96 and 1791768.
24
What is the greatest common divisor of 6242 and 7?
1
What is the highest common divisor of 205 and 62402?
41
Calculate the greatest common divisor of 48 and 9474.
6
Calculate the highest common divisor of 332 and 8881.
83
Calculate the greatest common factor of 226 and 85202.
226
What is the greatest common factor of 4260 and 40825?
355
What is the greatest common factor of 27456 and 10752?
192
What is the greatest common factor of 11 and 1015267?
11
What is the highest common divisor of 25123 and 388?
97
Calculate the greatest common factor of 108 and 2946.
6
What is the highest common divisor of 4117 and 391?
23
What is the highest common divisor of 164352 and 192?
192
Calculate the highest common factor of 3740 and 1760.
220
Calculate the greatest common divisor of 95 and 1791092.
19
What is the greatest common factor of 12936 and 264?
264
What is the highest common divisor of 2349 and 2511?
81
What is the greatest common factor of 15921 and 7137?
549
Calculate the highest common factor of 1407 and 1344.
21
Calculate the highest common factor of 119 and 1743.
7
Calculate the greatest common factor of 540943 and 325.
13
Calculate the greatest common factor of 154672 and 280.
56
Calculate the highest common factor of 9945650 and 26.
26
What is the highest common factor of 57477 and 2001?
69
What is the greatest common divisor of 736 and 109544?
8
Calculate the highest common divisor of 1496 and 233750.
374
What is the greatest common factor of 138699 and 99?
99
Calculate the highest common divisor of 50349 and 273.
39
Calculate the highest common divisor of 14 and 310282.
14
Calculate the highest common factor of 1422 and 1404.
18
What is the greatest common divisor of 741675 and 9075?
825
What is the greatest common divisor of 836451 and 18?
9
What is the highest common factor of 260 and 34372?
52
What is the greatest common factor of 1194 and 142882?
398
Calculate the highest common factor of 6314 and 24395.
287
What is the highest common divisor of 20200 and 23432?
808
Calculate the greatest common factor of 209840 and 80.
80
What is the highest common divisor of 30090 and 92990?
170
Calculate the highest common factor of 272 and 39304.
136
What is the highest common divisor of 19265 and 10?
5
What is the highest common divisor of 1675 and 675?
25
Calculate the highest common factor of 202 and 1061207.
101
Calculate the highest common factor of 87 and 327961.
29
Calculate the highest common divisor of 807 and 1283937.
807
Calculate the greatest common factor of 58 and 636.
2
What is the greatest common factor of 1813 and 21497?
259
What is the highest common divisor of 116 and 355366?
58
What is the highest common factor of 5934 and 48162?
138
Calculate the highest common divisor of 62933 and 188.
47
Calculate the greatest common factor of 87492 and 552.
276
What is the highest common factor of 4501857 and 3?
3
What is the highest common factor of 124 and 101788?
4
Calculate the greatest common divisor of 748 and 83116.
44
What is the highest common divisor of 597 and 129?
3
Calculate the greatest common factor of 139384 and 608.
152
Calculate the highest common factor of 914451 and 38.
19
Calculate the greatest common divisor of 1846 and 596187.
71
What is the highes